 2953 + l. What is the thousands digit of u?
1
Suppose q = 5*q + z - 3364, -q + 4*z + 824 = 0. Suppose -91*s = -93*s + q. What is the units digit of s?
0
Let b(u) = -6*u + 21. Suppose -w + 5*z - 2 = 20, -2*w = 4*z - 26. Let n be b(w). Suppose -r + 5*h = n, -3*r + 5*r + 2*h - 6 = 0. What is the units digit of r?
2
Let m(f) = 45*f - 75*f + 38*f - 201 + 10*f + 34*f. What is the hundreds digit of m(15)?
5
Suppose -173*s - 14656 = -189*s. What is the hundreds digit of s?
9
What is the tens digit of (-14024)/(-19) + (-30)/285?
3
Suppose -9*y = -18*y - 612. Let z = 98 - y. What is the hundreds digit of z?
1
Suppose 277*g - 5083544 = 5215039. What is the thousands digit of g?
7
What is the hundreds digit of 9840 - (-3 - (-3*(-5 - -6) + 0))?
8
Suppose 2*p - 6360 - 2479 = -913. What is the units digit of p?
3
Suppose -69*z + 19*z - 26700 = -151700. What is the units digit of z?
0
Suppose 0 = 4*p + a + 103 + 44, -3*a = -15. Let x = 40 + p. Suppose 0 = -5*o - 5*y + 515, -o + x*y + 77 + 17 = 0. What is the hundreds digit of o?
1
Suppose -12*h = -167440 - 141224. What is the thousands digit of h?
5
Let w(o) = -o**3 - 24*o**2 + 37*o + 50. Let u be w(-25). Let i = 86 - u. What is the hundreds digit of i?
3
Suppose 12*b - 470 = 10*b. Let f = b - -219. Let m = f - 246. What is the units digit of m?
8
Let y(z) = 63*z**3 - 12*z**2 + 42*z + 6. What is the tens digit of y(5)?
9
Let x(q) = 308*q**2 - 2*q - 2. Suppose 0 = 14*p - 20*p - 6. What is the tens digit of x(p)?
0
Suppose 4*w - 4*v - 74 = -194, 18 = 3*v. Let f = -8 - -20. What is the units digit of 3/f - 5346/w?
3
Let k = 91245 - 173445. Let h be k/(-125) + 3/(-5). Suppose 0*x - 211 = -l + 2*x, -3*l + h = 2*x. What is the hundreds digit of l?
2
Let s(f) = -f**3 - 3*f**2 - 8*f + 23. Let y be s(-8). Let t = 971 - y. What is the hundreds digit of t?
5
Let m(z) = 3 + 4*z - 11 - 1 + z**2. Suppose 2*u = 5*a + 42 + 18, 0 = -3*a + 3*u - 27. What is the units digit of m(a)?
1
Let p = 250 + -247. Suppose 0 = p*h - 5*q - 1463, -2*q = 1 + 1. What is the hundreds digit of h?
4
Suppose -3*o + 4*z = -0*z + 354, 3*z - 465 = 4*o. Let u = 6 - o. Suppose 4*w = -2*b + u, -4*b - b = 4*w - 108. What is the tens digit of w?
3
Let y(t) = 3*t + 3*t + 16*t**2 - 26*t + 14 + 0*t. What is the units digit of y(9)?
0
Suppose 7*h + 78 = -20. Let s be (-12)/(-7) - -1 - h/49. Suppose 158 + 466 = s*z. What is the units digit of z?
8
Suppose 2*r + 3*n = 3*r - 2159, -4336 = -2*r - 3*n. Let t = -1014 + r. What is the thousands digit of t?
1
Suppose 9*j + 114 = 357. Suppose 31*n - j*n - 2500 = 0. What is the tens digit of n?
2
Let g(c) = 2*c**2 - 7*c + 15. Let s be g(3). Suppose s*b - 7702 = 7598. What is the tens digit of b?
7
What is the thousands digit of -24133*(9/(-84)*-4 + 280/(-196))?
4
Suppose -5*f + 488 = -112. Suppose 268*g - 264*g = f. Let t = g - -8. What is the tens digit of t?
3
Let q be 1*((-2 - -5) + 326). Let u = q - 71. What is the units digit of u?
8
Suppose 4411*p - 4343*p = 319396. What is the thousands digit of p?
4
What is the tens digit of 12/(-22) - 414102/(-33)?
4
Let m = -67 + 67. Suppose -5*q - 7 = -2*k, k - 2 + 1 = m. What is the tens digit of 2*q/(-1)*31?
6
Suppose -4*z = 0, -11*z + 8*z + 9518 = 2*x. What is the hundreds digit of x?
7
Let v be 22/(-77) + 126348/42. Let x = v + -2106. What is the tens digit of x?
0
Let s be 136*(0 - -4)/(-4). Let k = s + 781. What is the hundreds digit of k?
6
Let t(y) = -y**2 + 7*y - 12. Let c be t(4). Let x be c + 4/22 + 640/352. Suppose x = -k + 91. What is the units digit of k?
9
Let l be ((-108)/10)/(18/(-120)). Let p = 208 - 101. Suppose 3*c - p = -4*n, 2*c - 22 = 3*n + l. What is the units digit of c?
1
Let l(s) = -s**3 + 65*s**2 - 232*s + 130. What is the thousands digit of l(60)?
4
Suppose 2*l + 17*q - 21*q + 1070 = 0, -2*l = 3*q + 1042. Let m = l + 1191. What is the units digit of m?
4
Let f be (-135)/(-20) + -6 + (-19)/4. Let o(p) = -16*p + 7. What is the tens digit of o(f)?
7
Suppose 555 = -4*m + 579. What is the units digit of 9*10 + m/1?
6
Suppose 5*m - 5 = o, 2*o - 6 + 1 = -5*m. Suppose l + 5*l + 2442 = o. Let b = -224 - l. What is the hundreds digit of b?
1
Let n = -6316 + 6223. Let q(h) = 8*h - 8. Let k be q(-6). Let u = k - n. What is the units digit of u?
7
Let j(a) = 30*a - 217. Let f be j(7). What is the units digit of 8 + (384 - f) + (2 - 0)?
1
Let l(p) = -p + 25. Let k be l(-1). Suppose -30*u + 488 = -k*u. What is the tens digit of u?
2
What is the ten thousands digit of (249546/(-40) + 111/(-148))/((-1)/10)?
6
Let a = 106 - 376. Let r = a - -345. What is the tens digit of r?
7
What is the units digit of (-43449)/(-14)*92/69?
8
Let g(q) = -q**2 + 59*q**3 + 2*q - 53*q**3 - q + 39*q**3. Suppose -5*a - 10 = -5*w, 5*w - 12 = 2*a + a. What is the units digit of g(a)?
5
Suppose -47243 = -5*s - 4*i, 3516*s - 3515*s + 2*i - 9445 = 0. What is the units digit of s?
1
What is the tens digit of (-137*(-16 + -21))/(2/2)?
6
Let h(p) be the third derivative of 0 + 0*p - p**2 + 5/6*p**3 - 31/24*p**4. What is the units digit of h(-1)?
6
Let r be (2 - -2)/((-1)/(-21)*6). Suppose 0 = t + 4*t + 25, -4*t - r = 3*p. Suppose 0*c + p*c - 274 = 3*z, -5*z - 680 = -5*c. What is the tens digit of c?
3
Let m(r) = -r**3 - 8*r**2 - r - 15. Suppose -4*q + 2*n - 38 = 0, 5*n = -0*n + 25. Let j be m(q). Let t = j - -94. What is the tens digit of t?
3
Let y = 791 + -1249. Let r = y - -577. What is the tens digit of r?
1
Let l be 66/(-55)*(-9 - 1). Let o(n) = 8*n**2 - 15*n - 101. What is the units digit of o(l)?
1
Let a be ((-102)/(-3))/(-2 + 4). Suppose 19*c + 10 = a*c. What is the tens digit of (-6 - -1)*(c - -7 - 16)?
7
Let o be (-158)/(-5) + -1 + (-7)/(-5). Suppose -33*f = -o*f - 68. Suppose 43 = 3*q + 4*h, q = -2*q + h + f. What is the tens digit of q?
2
Suppose -68 + 32 = -3*q. Suppose -70 = 2*r - q*r. What is the units digit of r?
7
Suppose 0 = -10*q + 7*q + 5331. What is the tens digit of q?
7
Suppose -17356 - 233277 - 70775 = -9*o. What is the thousands digit of o?
5
Let y(b) = b**2 - 6*b + 8. Let p(d) = d**2 - 12*d + 21. Let r = 88 - 79. Let j be p(r). What is the tens digit of y(j)?
8
What is the ten thousands digit of (-30 + 2332396/110)/((-16)/10 - -2)?
5
Let g(y) = 8*y**3 - 37*y**2 + 20*y - 20. What is the thousands digit of g(13)?
1
Suppose 133*c = 125*c. Suppose c = 13*t - 3137 - 4286. What is the units digit of t?
1
Let y be (3/(-2))/((-6)/8). Suppose 0 = -2*c - 8, -3*c - y*c = -5*t + 1165. What is the units digit of t?
9
What is the units digit of -3 + (-108)/(-32) - (-4 - 311395/56)?
5
Let y = 974 + -729. What is the hundreds digit of 5*21/y*791?
3
Suppose 0 = -3*z + 639 + 1626. Suppose -17*m = z - 4699. What is the units digit of m?
2
Let v = -8845 - -9002. Let k = -307 - -205. Let z = k + v. What is the tens digit of z?
5
Let l = -113 + 3. Let v be -6 + (-4540)/(-190) - 4/(-38). Let x = v - l. What is the tens digit of x?
2
Let d(h) = -2*h**2 + 9*h - 15. Let c be d(-15). Let b = -418 - c. What is the tens digit of b?
8
Let d be -5 - 2*(3 + -2). Let l(x) = -x**3 + 34*x**2 + 51*x**2 + 1 + 25*x**2 + 7*x + 0*x**3 - 115*x**2. What is the tens digit of l(d)?
5
Let f be ((-294)/6)/7*(-6)/21. What is the thousands digit of (207328/(-310))/(f/(-5))?
1
Let w(y) = y**3 + 7*y**2 - 8*y + 17. Let m be w(-8). Suppose -19*z = -m*z - 1022. Suppose 6*o = 53 + z. What is the units digit of o?
4
Let m(d) = -660*d**3 - 26*d**2 - 97*d + 21. What is the ten thousands digit of m(-4)?
4
Let h = 6024 - 5830. What is the hundreds digit of h?
1
Let l = 152 - 147. Suppose -9*a + 8 = -5*a, -5*s + l*a = -2230. What is the units digit of s?
8
Let p = -639 - -687. Suppose -p*y + 49408 = -6416. What is the units digit of y?
3
Suppose -5*h + 10*h = 40. Suppose -25 = h*f + 4151. What is the hundreds digit of (f/(-10))/(27/90)?
1
What is the thousands digit of (-23227800)/(-700) - 4/7?
3
Suppose -2*i = w - 1433, -22*i - 2874 = -2*w - 18*i. What is the thousands digit of w?
1
Suppose 0 = 5*p - 3*f - 8 - 2, 0 = -3*p + 3*f + 6. What is the hundreds digit of (-247)/p*-2 + -4?
2
Let g(s) = s**3 - 14*s**2 - 27*s - 4. Let x be g(16). Let n = -76 + x. Suppose -8*m = -n*m - 976. What is the units digit of m?
2
Let w(s) = s - 18. Let g be w(17). What is the units digit of -181*(g - 1) - 0/5?
2
Suppose 0 = -16*u - 6 - 74